269?
202
What is the remainder when 268407 is divided by 6?
3
Calculate the remainder when 33316 is divided by 793.
10
Calculate the remainder when 20611 is divided by 17.
7
Calculate the remainder when 3333 is divided by 3327.
6
Calculate the remainder when 73029 is divided by 66.
33
Calculate the remainder when 989 is divided by 174.
119
What is the remainder when 8160 is divided by 1356?
24
What is the remainder when 2742 is divided by 456?
6
What is the remainder when 3299 is divided by 336?
275
What is the remainder when 2334 is divided by 137?
5
Calculate the remainder when 2313598 is divided by 24.
22
Calculate the remainder when 41025 is divided by 291.
285
Calculate the remainder when 288076 is divided by 26.
22
What is the remainder when 11912 is divided by 209?
208
What is the remainder when 4706 is divided by 2138?
430
What is the remainder when 60062 is divided by 390?
2
Calculate the remainder when 52465 is divided by 617.
20
Calculate the remainder when 510117 is divided by 4637.
47
What is the remainder when 87788 is divided by 16?
12
What is the remainder when 1407 is divided by 140?
7
Calculate the remainder when 4576 is divided by 684.
472
What is the remainder when 19604 is divided by 4893?
32
What is the remainder when 652353 is divided by 353?
9
What is the remainder when 128355 is divided by 930?
15
What is the remainder when 380508 is divided by 464?
28
Calculate the remainder when 3556 is divided by 1728.
100
Calculate the remainder when 103708 is divided by 116.
4
What is the remainder when 9556 is divided by 690?
586
What is the remainder when 99382 is divided by 61?
13
Calculate the remainder when 3009021 is divided by 128.
125
Calculate the remainder when 293690 is divided by 353.
347
What is the remainder when 937556 is divided by 19532?
20
What is the remainder when 7310 is divided by 124?
118
Calculate the remainder when 3740 is divided by 434.
268
Calculate the remainder when 361899 is divided by 72379.
4
Calculate the remainder when 40037 is divided by 183.
143
What is the remainder when 57720 is divided by 2886?
0
What is the remainder when 3252 is divided by 271?
0
What is the remainder when 7803 is divided by 3587?
629
What is the remainder when 95748 is divided by 47870?
8
What is the remainder when 1612 is divided by 250?
112
What is the remainder when 61995 is divided by 48?
27
What is the remainder when 128842 is divided by 42939?
25
What is the remainder when 19063 is divided by 155?
153
What is the remainder when 50022 is divided by 169?
167
Calculate the remainder when 62072 is divided by 82.
80
What is the remainder when 12061 is divided by 58?
55
Calculate the remainder when 1482 is divided by 370.
2
What is the remainder when 46064 is divided by 11491?
100
What is the remainder when 44156 is divided by 21970?
216
Calculate the remainder when 23782 is divided by 340.
322
Calculate the remainder when 5510 is divided by 422.
24
Calculate the remainder when 15863 is divided by 15742.
121
What is the remainder when 24794 is divided by 19?
18
What is the remainder when 830 is divided by 135?
20
What is the remainder when 786 is divided by 292?
202
Calculate the remainder when 367597 is divided by 197.
192
What is the remainder when 614 is divided by 592?
22
Calculate the remainder when 11006435 is divided by 42.
41
Calculate the remainder when 9155 is divided by 4450.
255
What is the remainder when 8866 is divided by 498?
400
What is the remainder when 22078 is divided by 192?
190
What is the remainder when 66912 is divided by 389?
4
Calculate the remainder when 7755 is divided by 704.
11
Calculate the remainder when 7146 is divided by 407.
227
What is the remainder when 376 is divided by 134?
108
Calculate the remainder when 967 is divided by 146.
91
What is the remainder when 245586 is divided by 231?
33
What is the remainder when 804537 is divided by 690?
687
Calculate the remainder when 4128 is divided by 979.
212
Calculate the remainder when 1988 is divided by 300.
188
What is the remainder when 14452 is divided by 3561?
208
What is the remainder when 38839 is divided by 36?
31
What is the remainder when 10464 is divided by 576?
96
What is the remainder when 1217479 is divided by 94?
85
What is the remainder when 328669 is divided by 792?
781
What is the remainder when 86344 is divided by 79?
76
What is the remainder when 947808 is divided by 157?
156
Calculate the remainder when 23990 is divided by 3997.
8
What is the remainder when 9374 is divided by 4686?
2
What is the remainder when 5797 is divided by 281?
177
What is the remainder when 110345 is divided by 9?
5
What is the remainder when 17327 is divided by 72?
47
Calculate the remainder when 2845047 is divided by 390.
387
What is the remainder when 33752 is divided by 279?
272
What is the remainder when 15107 is divided by 445?
422
Calculate the remainder when 333794 is divided by 33.
32
What is the remainder when 3885 is divided by 668?
545
Calculate the remainder when 127231 is divided by 233.
13
What is the remainder when 3874758 is divided by 1234?
1232
What is the remainder when 418630 is divided by 12312?
22
Calculate the remainder when 1418 is divided by 203.
200
Calculate the remainder when 2191 is divided by 1095.
1
What is the remainder when 30996 is divided by 91?
56
What is the remainder when 3972 is divided by 1303?
63
Calculate the remainder when 516 is divided by 157.
45
What is the remainder when 3400 is divided by 1666?
68
Calculate the remainder when 250194 is divided by 294.
0
Calculate the remainder when 2258271 is divided by 506.
499
Calculate the remainder when 132931 is divided by 782.
773
Calculate the remainder when 45122 is divided by 73.
8
Calculate the remainder when 2694 is divided by 409.
240
What is the remainder when 554924 is divided by 147?
146
What is the remainder when 53531 is divided by 13316?
267
What is the remainder when 114136 is divided by 102?
100
What is the remainder when 25109 is divided by 486?
323
Calculate the remainder when 10088 is divided by 1680.
8
What is the remainder when 30635 is divided by 10200?
35
Calculate the remainder when 72736 is divided by 46.
10
Calculate the remainder when 2046 is divided by 54.
48
Calculate the remainder when 1355596 is divided by 451859.
19
What is the remainder when 5591 is divided by 465?
11
What is the remainder when 630689 is divided by 39?
20
What is the remainder when 8658 is divided by 3?
0
Calculate the remainder when 2111742 is divided by 48.
30
What is the remainder when 689192 is divided by 1049?
1048
What is the remainder when 89587 is divided by 62?
59
Calculate the remainder when 6825 is divided by 6820.
5
What is the remainder when 285435 is divided by 20?
15
Calculate the remainder when 42409 is divided by 211.
209
Calculate the remainder when 1848341 is divided by 31.
28
Calculate the remainder when 5385 is divided by 577.
192
Calculate the remainder when 296201 is divided by 4.
1
Calculate the remainder when 1116713 is divided by 1188.
1181
Calculate the remainder when 76338 is divided by 727.
3
Calculate the remainder when 3844 is divided by 1165.
349
What is the remainder when 2779 is divided by 2687?
92
Calculate the remainder when 91986 is divided by 27.
24
Calculate the remainder when 17212 is divided by 3442.
2
Calculate the remainder when 20669 is divided by 23.
15
Calculate the remainder when 2328 is divided by 299.
235
What is the remainder when 5597 is divided by 59?
51
What is the remainder when 52546 is divided by 850?
696
What is the remainder when 94946 is divided by 365?
46
Calculate the remainder when 161679 is divided by 80837.
5
Calculate the remainder when 303365 is divided by 186.
185
Calculate the remainder when 332994 is divided by 881.
857
Calculate the remainder when 3333 is divided by 1643.
47
What is the remainder when 217452 is divided by 317?
307
Calculate the remainder when 10893 is divided by 704.
333
What is the remainder when 343889 is divided by 622?
545
What is the remainder when 146470 is divided by 34?
32
Calculate the remainder when 2527 is divided by 821.
64
What is the remainder when 841431 is divided by 35?
31
What is the remainder when 624 is divided by 337?
287
Calculate the remainder when 33